{"id":91,"date":"2019-05-13T13:57:20","date_gmt":"2019-05-13T11:57:20","guid":{"rendered":"https:\/\/trimerlocation.fr\/?page_id=91"},"modified":"2025-03-03T11:25:14","modified_gmt":"2025-03-03T10:25:14","slug":"t2-residence-le-triangle","status":"publish","type":"page","link":"https:\/\/trimerlocation.fr\/?page_id=91","title":{"rendered":"T2 &#8211; LE TRIANGLE"},"content":{"rendered":"\n<p><strong>N\u00b0 14, 1, 5, 7, 11<\/strong><\/p>\n<p>63 RUE de LORRAINE 50 m PLAGE<\/p>\n<p>EN RDC, 1<sup>er ou <\/sup>2\u00e8me \u00e9tage dans un petit collectif de 13 <strong>appartements class\u00e9s meubl\u00e9s confiance.<\/strong><\/p>\n<p>Places de parking&nbsp; &nbsp;num\u00e9rot\u00e9 dans une cour priv\u00e9e sous appentis.<\/p>\n<p><a href=\"https:\/\/trimerlocation.fr\/?page_id=215\">Galerie photos Le Triangle<\/a><\/p>\n<p><a href=\"https:\/\/trimerlocation.fr\/?page_id=105\">Plans 1er \u00e9tage de la r\u00e9sidence Le Triangle<\/a>&nbsp;&nbsp;&nbsp; &#8211;&nbsp;&nbsp; <a href=\"https:\/\/trimerlocation.fr\/?page_id=107\">Plans 2\u00e9me \u00e9tage de la r\u00e9sidence Le Triangle<\/a><\/p>\n<p class=\"titre\"><sup>COMPRENANT&nbsp;:<\/sup><\/p>\n<p>Un s\u00e9jour avec canap\u00e9 lit 2 places<\/p>\n<p>Son coin cuisine \u00e9quip\u00e9,<\/p>\n<p>Une salle d\u2019eau&nbsp;: douche, lavabo, W.C ind\u00e9pendants<\/p>\n<p>Une chambre avec 1 lit de 2 places (et 1lit d\u2019une place ou lits superpos\u00e9s)<\/p>\n<p>Terrasse carrel\u00e9e en R.D.C, \u00e0 l\u2019\u00e9tage, balcon donnant plein&nbsp; sud.<\/p>\n<p>Equipements principaux&nbsp;: T\u00e9l\u00e9viseur, frigo-cong\u00e9lateur, micro-onde, fer \u00e0 repasser.<\/p>\n<table border=\"1\" cellspacing=\"0\" cellpadding=\"10\">\n<tbody>\n<tr>\n<td valign=\"top\" width=\"205\">\n<p>Pour le mois de mai et&nbsp; juin&nbsp;&nbsp;&nbsp;<\/p>\n<\/td>\n<td valign=\"top\" width=\"205\">\n<p>La semaine<\/p>\n<p>Les 3 semaines<\/p>\n<p>Le mois<\/p>\n<\/td>\n<td valign=\"top\" width=\"205\">Nous consulter<\/td>\n<\/tr>\n<tr>\n<td valign=\"top\" width=\"205\">\n<p>Pour le mois de juillet&nbsp;&nbsp;&nbsp;&nbsp;&nbsp;&nbsp;&nbsp;&nbsp;&nbsp;&nbsp;&nbsp;<\/p>\n<\/td>\n<td valign=\"top\" width=\"205\">\n<p>Entre le 30\/06 et 28\/07<\/p>\n<p>Les 3 semaines<\/p>\n<p>Le mois<\/p>\n<p>&nbsp;<\/p>\n<\/td>\n<td valign=\"top\" width=\"205\">Nous consulter<\/td>\n<\/tr>\n<tr>\n<td valign=\"top\" width=\"205\">\n<p>Pour le mois d\u2019ao\u00fbt<\/p>\n<\/td>\n<td valign=\"top\" width=\"205\">\n<p>Du&nbsp; 28\/07 au&nbsp; 18\/08<\/p>\n<p>Entre le 18\/08 et 25\/08<\/p>\n<p>Du 25\/08 au 01\/09<\/p>\n<p>Le mois<\/p>\n<\/td>\n<td valign=\"top\" width=\"205\">Nous consulter<\/td>\n<\/tr>\n<tr>\n<td valign=\"top\" width=\"205\">\n<p>Pour le mois de septembre<\/p>\n<\/td>\n<td valign=\"top\" width=\"205\">\n<p>Du 01\/09 au 30\/09<\/p>\n<p>3 semaines<\/p>\n<p>Le Mois<\/p>\n<p>Pour les semaines suivantes<\/p>\n<p>230\u20ac+EDF si chauffage<\/p>\n<p>&nbsp;<\/p>\n<p>&nbsp;<\/p>\n<\/td>\n<td valign=\"top\" width=\"205\">Nous consulter<\/td>\n<\/tr>\n<\/tbody>\n<\/table>\n<p>La caution d\u2019un montant de 200\u20ac vous sera demand\u00e9e \u00e0 votre arriv\u00e9e.<\/p>\n","protected":false},"excerpt":{"rendered":"<p>N\u00b0 14, 1, 5, 7, 11 63 RUE de LORRAINE 50 m PLAGE EN RDC, 1er ou 2\u00e8me \u00e9tage dans un petit collectif de 13 appartements class\u00e9s meubl\u00e9s confiance. Places de parking&nbsp; &nbsp;num\u00e9rot\u00e9 dans une cour priv\u00e9e sous appentis. Galerie photos Le Triangle Plans 1er \u00e9tage de la r\u00e9sidence Le Triangle&nbsp;&nbsp;&nbsp; &#8211;&nbsp;&nbsp; Plans 2\u00e9me \u00e9tage &hellip; <\/p>\n<p class=\"link-more\"><a href=\"https:\/\/trimerlocation.fr\/?page_id=91\" class=\"more-link\">Continuer la lecture<span class=\"screen-reader-text\"> de &laquo;&nbsp;T2 &#8211; LE TRIANGLE&nbsp;&raquo;<\/span><\/a><\/p>\n","protected":false},"author":1,"featured_media":0,"parent":0,"menu_order":0,"comment_status":"closed","ping_status":"closed","template":"","meta":{"ngg_post_thumbnail":0,"footnotes":""},"class_list":["post-91","page","type-page","status-publish","hentry"],"_links":{"self":[{"href":"https:\/\/trimerlocation.fr\/index.php?rest_route=\/wp\/v2\/pages\/91","targetHints":{"allow":["GET"]}}],"collection":[{"href":"https:\/\/trimerlocation.fr\/index.php?rest_route=\/wp\/v2\/pages"}],"about":[{"href":"https:\/\/trimerlocation.fr\/index.php?rest_route=\/wp\/v2\/types\/page"}],"author":[{"embeddable":true,"href":"https:\/\/trimerlocation.fr\/index.php?rest_route=\/wp\/v2\/users\/1"}],"replies":[{"embeddable":true,"href":"https:\/\/trimerlocation.fr\/index.php?rest_route=%2Fwp%2Fv2%2Fcomments&post=91"}],"version-history":[{"count":3,"href":"https:\/\/trimerlocation.fr\/index.php?rest_route=\/wp\/v2\/pages\/91\/revisions"}],"predecessor-version":[{"id":220,"href":"https:\/\/trimerlocation.fr\/index.php?rest_route=\/wp\/v2\/pages\/91\/revisions\/220"}],"wp:attachment":[{"href":"https:\/\/trimerlocation.fr\/index.php?rest_route=%2Fwp%2Fv2%2Fmedia&parent=91"}],"curies":[{"name":"wp","href":"https:\/\/api.w.org\/{rel}","templated":true}]}}